f 25 and h.
25
Let n = -6 - -1. Let y = 17 + n. What is the highest common factor of y and 8?
4
Let i = 17 - 2. Suppose -g + 10 + 11 = -2*y, 0 = 2*g - 5*y - 45. What is the greatest common factor of i and g?
15
Suppose 5*o - 3*o = -4*b + 38, -12 = 4*o. Suppose -5 = -f - 0*f. Let u = 6 - f. Calculate the highest common divisor of b and u.
1
Let g = -216 - -425. Suppose -2*o - 259 = g. Let f be (44/6)/((-12)/o). What is the highest common factor of 13 and f?
13
Suppose -a = 2 - 5. What is the greatest common divisor of 21 and a?
3
Suppose 3*v = -11 + 8. Let j be (-20)/(-4) + v/(-1). What is the greatest common factor of j and 30?
6
Suppose -3*r = 2*l - 9, -2*r + 10 = -5*l + 61. Let z = l - 15. Let s be 3/z*-2*16. Calculate the greatest common factor of s and 48.
16
Let n = -44 + 59. What is the greatest common factor of n and 5?
5
Let w be -1 + (48/3)/4. Suppose -4*y + 3*b - 6 = -20, 2*y + w*b + 2 = 0. Suppose 4*o + 12 = 0, -l + 1 + 2 = o. What is the greatest common factor of l and y?
2
Suppose 6*v - 20 = 2*v. Suppose 2*q + 17 = v*j, -5*j - q + 2*q = -16. Calculate the greatest common divisor of 33 and j.
3
Let r = -37 + 55. Let z(n) = n**2 + 3*n - 1. Let m be z(3). Suppose m + 7 = 2*i. What is the highest common factor of r and i?
6
Let a be 3/((-6)/2 - -4). Calculate the greatest common divisor of 6 and a.
3
Let v = 17 - 6. Let j be (9/(-2))/(2/(-12)). Let x be 6/j + (-194)/(-18). What is the greatest common divisor of v and x?
11
Suppose 4*k - 28 + 4 = 0. Calculate the highest common factor of 48 and k.
6
Suppose 2*y + o - 9 = 0, y - 7 = 2*o - 3*o. Suppose -y*w + 67 = -35. What is the greatest common divisor of 34 and w?
17
Let x be (-1 + 3/9)*-18. Suppose -y + 5 - 14 = -3*w, 3*w - x = 2*y. What is the highest common divisor of 8 and w?
2
Suppose -3*h + 3*r = 0, 3*r = 2*h - 0*r + 2. What is the greatest common divisor of 8 and h?
2
Let u(s) = -s - 8. Let x be u(-6). Let o be 1 - x - 12/4. Suppose -5*h + 354 = 5*r - 181, o = -2*r + 5*h + 235. What is the highest common divisor of 10 and r?
10
Let n(v) = -v**2 - 6*v + 4. Let r be n(-8). Let d be (4/r)/(3/(-72)). Let h = 3 + 37. What is the greatest common factor of h and d?
8
Suppose 2*u - 5*u + 36 = 0. Suppose n - 5*n = -528. Calculate the highest common divisor of n and u.
12
Suppose 0 = 3*z + z - 88. Calculate the greatest common divisor of 2 and z.
2
Let y(o) = -o + 3. Let w be y(3). Suppose w = 9*r - 7*r - 368. Calculate the greatest common factor of 23 and r.
23
Suppose -159 = -4*m - o, m - 25 - 14 = -o. Calculate the greatest common divisor of 100 and m.
20
Suppose -z + 1037 = 5*p, 0 = -6*p + 4*p + 3*z + 425. Suppose -2*d + 104 = -3*d. Let s be (-2)/4*d/2. What is the greatest common factor of p and s?
26
Let a = 21 + -12. Calculate the greatest common factor of a and 36.
9
Let d be ((-2)/2)/(-1) + -5. Let y be ((-6)/(-15))/(d/(-240)). What is the greatest common factor of 16 and y?
8
Let y = -93 + 54. Let t = -15 - y. Calculate the greatest common divisor of t and 60.
12
Let k be (-4)/(-8) - 474/(-4). Suppose 2*s + o = k, s - 4*s - o + 177 = 0. Calculate the greatest common divisor of 29 and s.
29
Let g(q) = -q**2 - 4*q. Let k be g(-4). Suppose k = -2*d + 206 + 10. What is the greatest common divisor of d and 12?
12
Let t be -5*(3 - 18/3) + 3. What is the highest common divisor of 36 and t?
18
Let k(a) = a - 3. Let b be k(5). Let l = -8 - -10. What is the greatest common factor of b and l?
2
Let p = -27 + 6. Let v be 6/p - 58/(-7). What is the highest common factor of v and 8?
8
Suppose -3*d = 3*p - 0*p - 18, 25 = 5*p. Let b be (d/(-1))/((-2)/(-16)). Let i be (-1)/(2*1/b). Calculate the highest common factor of 2 and i.
2
Let f be 2/(-8) + (-42)/(-8). Suppose 3 - 2 = -3*i + 4*g, -3*i = 2*g - f. What is the greatest common divisor of 8 and i?
1
Suppose 2*i - 5 = -1. Let r = 6 + i. What is the highest common divisor of 1 and r?
1
Let z(k) = k + 3. Let y be (3/4)/(1/12). Let p be z(y). Let r be 28/(2 + -6)*-1 + -3. Calculate the greatest common divisor of r and p.
4
Let v = 28 + -19. What is the highest common factor of v and 99?
9
Let i be ((-300)/(-24))/((-1)/6*-1). Calculate the highest common divisor of i and 15.
15
Let s = 26 + 28. Let x be s + 3 + -1 + 0. What is the highest common divisor of 8 and x?
8
Let n = 133 - 70. What is the greatest common factor of 7 and n?
7
Suppose -3*n + 86 = 4*s, 25 + 29 = 3*s - 3*n. What is the greatest common factor of 220 and s?
20
Suppose 5*g - 13 = 3*u, -3*g + 5*u = -0*u - 11. Let s = -10 - -18. Calculate the highest common divisor of g and s.
2
Let r be (-48)/(-18)*15/1. Calculate the highest common factor of 16 and r.
8
Suppose -4*a + 19 = 3*w + 4, 3*a = -3*w + 12. Suppose 2*t + t + 143 = f, 5*f + a*t - 697 = 0. Calculate the highest common factor of f and 14.
14
Let a(h) = h**3 + 7*h**2 + h - 5. Let j be a(-7). Let g be (-64)/j + (-2)/6. Suppose -g*m + 40 = -0*m. What is the highest common divisor of 72 and m?
8
Let c be 2 - (1 + 2)*-1. What is the greatest common divisor of c and 1?
1
Suppose -214 - 16 = -o - z, 0 = 4*z - 16. Let j = o + -116. Let w(q) = -q**3 - q**2 + 4*q + 4. Let a be w(-3). What is the greatest common divisor of a and j?
10
Let s be 8/(-6)*(-42)/(-4). Let m = -9 - s. Let n = 2 - -8. Calculate the greatest common divisor of n and m.
5
Let m be (-1 - 71)*5/(-10). Suppose -y + m = 3*y. Suppose -4*v = -8*v + s + y, -1 = -v - s. Calculate the highest common factor of 16 and v.
2
Let o = -20 - -21. Calculate the highest common divisor of o and 4.
1
Suppose 3*q + 1 - 10 = 0. Suppose g - 11 = -4*b, -q*g - b + 0*b + 22 = 0. What is the highest common factor of g and 63?
7
Let k(d) = -5*d - 6. Let m be k(6). Let h = m - -78. What is the greatest common divisor of 105 and h?
21
Let z = -207 + 237. Calculate the greatest common divisor of z and 30.
30
Let b = 4 - 0. Let t be b/((-8)/13)*-10. Calculate the greatest common factor of 26 and t.
13
Let g be (10/(-4))/(1/(-26)). Suppose b = 20 + g. Calculate the highest common divisor of b and 17.
17
Let q = 4 - 0. Calculate the highest common divisor of q and 6.
2
Let g be 10/1 + (-1)/1. Suppose v = -2*v + g. Let k = 3 + 27. What is the highest common divisor of k and v?
3
Suppose 0 = -2*i - 4*c + 256, -3*c - c = 3*i - 388. What is the greatest common divisor of i and 12?
12
Suppose -1 + 4 = s. Suppose 3*c - 265 = 2*b, 87 = s*c - 3*b - 183. What is the greatest common divisor of c and 17?
17
Let k(j) = 36*j**2. Let w be k(1). Let s = 19 + -10. Calculate the highest common factor of s and w.
9
Let v(z) = -z - 4. Let r be v(-2). Let q(s) = -4*s + 2. Let c be q(r). What is the highest common divisor of c and 20?
10
Let x = -4 + 4. Suppose 3*k - 47 - 208 = x. Calculate the highest common divisor of 17 and k.
17
Let i = -9 - -16. Suppose -89 = -3*m + 64. Let b = m + -16. Calculate the highest common factor of i and b.
7
Let c be (36/(-5))/((-10)/125). Suppose -i + 18 + 0 = 0. What is the greatest common divisor of i and c?
18
Let f = -29 + 41. Calculate the highest common divisor of f and 84.
12
Let d be 12 - -1 - (1 - -2). Let z = -42 + 72. What is the greatest common divisor of d and z?
10
Suppose 3*m - 4*m + 4 = 0. Suppose o + 4 = -2*b, b - o + 0 = m. Let s be -3 + 27 + (2 - b). Calculate the highest common factor of 13 and s.
13
Let g be 88/12 - 4/(-6). What is the highest common factor of 88 and g?
8
Let i be (9/(-2))/((-5)/10). What is the highest common divisor of i and 72?
9
Let q(f) = 12*f**2. Let r be q(-1). Suppose 5*i - 200 = -0*i. Let h = 58 - i. What is the highest common factor of r and h?
6
Let r(h) = -h**2 + 6*h - 8. Let t be r(6). Let n be (t*2)/(-2 + 0). Let b be n - (3 + 0)/(-3). Calculate the greatest common divisor of b and 81.
9
Suppose d - 30 = -2*d - b, 60 = 5*d + 5*b. What is the greatest common divisor of d and 1?
1
Let y(n) = -2*n + 108. Let r be y(33). What is the highest common factor of r and 28?
14
Let n(g) = -2 - g - g + 20*g**2 - 22*g**2 - 2*g**3. Let i be n(-3). Let v be (-3)/(22/(-16) - -1). Calculate the highest common divisor of v and i.
8
Let y(x) be the second derivative of 20*x**3/3 - x**2/2 - 3*x. Let j be y(1). Suppose 4*v + 0 - 104 = 0. Calculate the greatest common divisor of j and v.
13
Let o be 1 + 0 - (-17 - -2). Calculate the greatest common 